(b) = -2*b**2 + 758*b - 27706. Give x(337).
602
Let q(m) = 5*m**3 - 93*m**2 + 102*m - 4. Determine q(1).
10
Let n(t) = -4*t**3 + 105*t**2 - 2765*t + 2660. Determine n(1).
-4
Let l(r) = -r**3 - 144*r**2 + 1018*r + 48. Give l(-151).
5937
Let f(a) = a**3 - 10*a**2 - 2037*a + 24140. Determine f(12).
-16
Let k(a) = 22*a**2 + 4194*a - 1674. What is k(-191)?
-146
Let c(o) = 805086*o - 5635592. Determine c(7).
10
Let c(p) = 155*p**2 + 7133*p - 179. Calculate c(-46).
-317
Let k(v) = v**3 + 30*v**2 - 1385*v - 41584. Calculate k(-30).
-34
Let u(g) = -g**3 - 49*g**2 + 233*g - 18. Determine u(-54).
1980
Let z(j) = 13*j**2 + 127*j + 9. Calculate z(-6).
-285
Let i(v) = 21*v**2 + 2*v - 93. Calculate i(-5).
422
Let s(z) = 2*z**3 + 147*z**2 + 78*z + 464. Give s(-73).
99
Let h(l) = -l**2 + 68*l + 2314. Calculate h(93).
-11
Let n(i) = -55*i**2 + 830*i - 1439. Calculate n(13).
56
Let z(p) = -71*p + 6556. Calculate z(93).
-47
Let i(x) = -2*x**2 - 89910*x - 7179983. Give i(-80).
17
Let b(a) = 6*a**2 + 901*a - 7200. Determine b(8).
392
Let c(q) = q**3 + 6*q**2 - 684*q - 4700. Give c(-7).
39
Let z(c) = -1371*c - 5647. Give z(-5).
1208
Let i(a) = 3989*a - 119662. What is i(30)?
8
Let a(i) = i**3 - 71*i**2 - 5*i - 338. Calculate a(0).
-338
Let k(n) = 5*n**2 - 1296*n + 27080. Calculate k(23).
-83
Let w(h) = h**3 + 227*h**2 - 26513*h - 651. Determine w(85).
-56
Let d(f) = -2*f**3 - 3801*f**2 + 9275*f - 456714. Determine d(-1903).
6
Let y(z) = 143*z + 27841. Give y(-200).
-759
Let n(c) = -c**3 - 37*c**2 + 1469*c + 228. Give n(-61).
-77
Let v(i) = 4448*i**2 - 9*i - 7. Calculate v(0).
-7
Let o(d) = 5791*d - 23153. Give o(4).
11
Let n(g) = g**2 + 1133*g + 62341. Determine n(-58).
-9
Let d(f) = -2*f**3 + 319*f**2 - 143*f - 2689. Calculate d(159).
-145
Let p(o) = o**2 + 45*o + 409. Give p(-15).
-41
Let c(q) = -8*q**2 - 1066*q + 77. Give c(-133).
343
Let h(v) = -79*v + 11182. Calculate h(151).
-747
Let u(f) = 8670*f - 190694. Calculate u(22).
46
Let q(f) = -1631646*f + 8158245. What is q(5)?
15
Let p(f) = -39052*f - 156210. What is p(-4)?
-2
Let x(h) = -h**3 - 137*h**2 + 1121*h - 5836. Determine x(-145).
-181
Let t(f) = 5*f**2 - 5667*f - 51404. Calculate t(-9).
4
Let j(s) = s**3 + 25*s**2 - 227*s - 5116. Give j(-19).
1363
Let a(x) = 39*x + 288. Calculate a(-9).
-63
Let i(a) = -1166*a + 11788. Give i(10).
128
Let b(j) = j**2 + 1218*j - 33605. What is b(27)?
10
Let c(z) = 247*z + 1355. What is c(-1)?
1108
Let g(j) = 2140*j + 32540. Calculate g(-15).
440
Let o(m) = 9*m**2 + 393*m - 3356. Give o(-51).
10
Let y(d) = 5*d**3 + 81*d**2 + 262*d + 142. What is y(-12)?
22
Let q(g) = -30*g**2 - 909*g - 123. What is q(-30)?
147
Let t(a) = -a**3 - 6*a**2 + 240*a + 956. Determine t(-4).
-36
Let s(d) = d**3 - 51*d**2 + 556*d + 130. What is s(35)?
-10
Let k(f) = f**3 - 557*f**2 + 77014*f - 1013. Determine k(255).
7
Let d(g) = 2*g**3 - 48*g**2 + 46*g + 44. Calculate d(23).
44
Let n(h) = -h**3 + 528*h**2 - 23468*h - 1449. Calculate n(479).
-12
Let z(f) = -691*f + 32462. What is z(47)?
-15
Let b(r) = -46969*r - 93945. What is b(-2)?
-7
Let l(p) = -p**3 + 89*p**2 - 1779*p + 631. Determine l(59).
100
Let m(y) = y**3 + 62*y**2 + 547*y + 923. Determine m(-8).
3
Let i(f) = f**3 - 27*f**2 - 157*f + 1710. Calculate i(22).
-4164
Let l(z) = -z**3 - 356*z**2 + 308*z - 17542. Give l(-357).
-49
Let m(x) = -209*x + 10201. Determine m(47).
378
Let y(m) = -4502*m + 99238. Determine y(22).
194
Let i(p) = p**3 - 29*p**2 + 75*p + 686. Give i(25).
61
Let q(k) = -8*k**2 - 32*k - 1505. Give q(-20).
-4065
Let s(x) = x**3 + 52*x**2 + 169*x + 172. What is s(-48)?
1276
Let i(v) = v**2 + 59*v - 69973. Give i(238).
713
Let o(x) = -250*x - 2416. Give o(-34).
6084
Let q(k) = -k**2 - 364*k + 77098. Determine q(150).
-2
Let u(m) = 13*m**2 + 1450*m + 19434. What is u(-96)?
42
Let h(f) = 17*f**2 - 579*f + 6793. Give h(12).
2293
Let k(c) = -94317*c + 9714644. Determine k(103).
-7
Let o(t) = 2759*t - 918930. What is o(333)?
-183
Let t(o) = 102*o**2 - 33051*o + 956. Calculate t(324).
-16
Let x(d) = -3993*d - 31946. Determine x(-8).
-2
Let v(j) = 6*j**2 - 145*j + 1716. Calculate v(22).
1430
Let t(n) = -2*n**3 + 91*n**2 - 375*n + 86. Give t(41).
-160
Let s(l) = 260*l - 3260. What is s(12)?
-140
Let c(j) = -1986*j + 133062. Give c(67).
0
Let g(b) = 2*b**2 + 81*b - 13137. Calculate g(-104).
71
Let m(n) = -17*n**3 - 15161*n**2 + 2679*n + 2642. Determine m(-892).
-34
Let x(k) = 97352*k - 97223. What is x(1)?
129
Let s(l) = -11*l**3 - 3007*l**2 - 1093*l - 481. Calculate s(-273).
-208
Let j(n) = 18430*n - 534415. Calculate j(29).
55
Let n(j) = 3606*j + 559177. What is n(-155)?
247
Let i(w) = w**3 + 1029*w**2 + 92068*w - 207. Calculate i(-99).
-9
Let v(h) = 1153984*h - 10385876. Give v(9).
-20
Let v(a) = 2061*a**2 + 32974*a - 52. What is v(-16)?
-20
Let u(r) = -7*r**2 + 5658*r + 45701. Determine u(-8).
-11
Let k(q) = -20*q**3 + 3*q**2 + 1982*q + 7850. What is k(-4)?
1250
Let i(o) = o**3 + 15*o**2 + 28*o - 133. Determine i(-11).
43
Let o(g) = -1055*g - 38928. What is o(-36)?
-948
Let n(g) = -2388*g - 876364. Calculate n(-367).
32
Let l(h) = 8*h**3 + 64*h**2 - 106*h - 927. Determine l(-8).
-79
Let g(u) = 156*u**3 + 11*u**2 - u - 10. What is g(-2)?
-1212
Let b(v) = 37813*v - 453767. Determine b(12).
-11
Let w(x) = 42829*x + 8737112. What is w(-204)?
-4
Let c(y) = -y**3 - 226*y**2 - 1992*y - 450305. What is c(-226)?
-113
Let i(q) = -4*q**3 + 167*q**2 - 1380*q + 42. Determine i(31).
-1415
Let b(x) = -3146*x + 434700. Determine b(138).
552
Let k(w) = 3237027*w - 16185140. Give k(5).
-5
Let r(w) = 5546*w - 7. Determine r(0).
-7
Let g(i) = -823*i - 95448. Calculate g(-116).
20
Let z(u) = 29*u**2 - 254*u - 490. What is z(-9)?
4145
Let j(u) = -165*u + 4008. What is j(23)?
213
Let d(z) = z**3 + 131*z**2 + 1900*z - 35511. Determine d(-111).
9
Let z(h) = -289127*h - 2602327. Calculate z(-9).
-184
Let g(i) = 910*i**2 + 6398*i + 19. Give g(-7).
-177
Let r(x) = -5649*x + 491334. Determine r(87).
-129
Let t(u) = 27512*u - 1513160. What is t(55)?
0
Let p(i) = i**2 - 349*i - 7372. What is p(-20)?
8
Let i(g) = g**3 + 48*g**2 - 978*g - 15053. Calculate i(23).
12
Let c(r) = 3*r**3 + 96*r**2 + 532*r - 22. Calculate c(-7).
-71
Let l(g) = 620*g - 2260. Give l(4).
220
Let j(o) = 40339*o + 80675. What is j(-2)?
-3
Let z(l) = 272*l + 24392. What is z(-91)?
-360
Let k(z) = z**3 + 80*z**2 - 1026*z - 51076. What is k(-85)?
9
Let h(a) = -17*a**3 - 88*a**2 - 468*a - 1065. Determine h(-3).
6
Let i(z) = -z**2 - 5873*z + 206773. Give i(35).
-7
Let v(b) = -4*b**2 - 2553*b - 64412. Give v(-612).
-152
Let a(f) = -f**3 - 152*f**2 - 2380*f - 1462. Determine a(-17).
-17
Let b(w) = 1031*w**2 + 7223*w + 51. Determine b(-7).
9
Let b(i) = 4473*i**2 - 550180*i + 136. Determine b(123).
13
Let m(v) = -3*v**3 + 2094*v**2 + 2075*v + 15334. Determine m(699).
-44
Let d(a) = 7197*a + 57501. Determine d(-8).
-75
Let g(k) = k**2 - 319494*k + 3194818. Calculate g(10).
-22
Let m(g) = g**3 + 95*g**2 - 1186*g + 2266. What is m(9)?
16
Let o(g) = -3*g**2 - 231*g - 2301. What is o(-12)?
39
Let d(h) = h**3 + 234*h**2 - 242*h - 110617. Calculate d(-233).
58
Let d(a) = 6688*a**2 - 220700*a - 127. Determine d(33).
5
Let a(u) = u**3 + 257*u**2 + 2311*u - 39260. Determine a(-247).
13
Let u(f) = -412*f**2 - 81573*f + 641. Calculate u(-198).
47
Let b(f) = -f**3 - 26*f**2 - 117*f - 39. Calculate b(-23).
1065
Let i(t) = -2*t**3 + 12*t**2 - 626*t + 6121. Calculate i(9).
1
Let s(g) = 449*g + 5817. What is s(-13)?
-20
Let i(b) = -34*b**2 + 1735*b + 15. Calculate i(53).
-3536
Let z(b) = 1205*b - 42189. Give z(35).
-14
Let n(i) = i**3 + 239*i**2 - 49*i - 6085. Determine n(-5).
10
Let p(r) = -954219*r + 2862660. Calculate p(3).
3
Let v(o) = 32*o**2 + 3329*o - 312. Give v(-104).
-416
Let p(h) = -h**3 + 126*h**2 - 1487*h - 39674. What is p(109)?
220
Let f(a) = -230*a + 1401. Give f(14).
-1819
Let h(o) = 20*o**2 - 2353*o + 12619. Calculate h(112).
-37
Let c(f) = f**2 - 140*f + 538. Determine c(136).
-6
Let u(p) = -1091*p + 82928. Give u(76).
12
Let c(m) = m**3 + 106*m**2 + 520*m + 1134. Give c(-101).
-381
Let n(q) = 3*q**3 - 177*q**2 + 4021*q - 252076. Calculate n(60).
-16
Let l(n) = -n**3 + 1018*n**2 - 2028*n - 13. What is l(2)?
-5
Let h(x) = 1798*x + 54348. Determine h(-30).
408
Let h(k) = k**3 + 94*k**2 - 223*k - 1